se -8 = 2*g - d. What are the prime factors of (-45)/4*(-32)/g?
2, 3, 5
Let p = -111 - -169. List the prime factors of p.
2, 29
Let y(h) = 7. Let c(r) = r - 4*r + 2*r + 0 + 7. Let m(u) = -3*c(u) + 2*y(u). List the prime factors of m(8).
17
Suppose 0 = 11*m - 12*m + 2. Let v(y) be the second derivative of 7*y**5/20 - y**4/4 + y**3/2 - 3*y**2/2 - 4*y. List the prime factors of v(m).
47
Suppose 20 = 2*k - 4*t + t, -4*k - 4 = 5*t. Suppose -2*w - 2*w = 4*w. Suppose -k*g - 101 + 261 = w. What are the prime factors of g?
2, 5
Let y = 12 + -7. Let q = 20 - 16. Suppose q*n - 160 = -3*k, 4*k - n = y*k - 54. What are the prime factors of k?
2, 7
Let c be ((-20)/(-7))/((-8)/(-28)). Let w(m) = -m**3 + 10*m**2 + m - 8. Let y be w(c). Suppose -y*h = -26 - 26. What are the prime factors of h?
2, 13
Let m = 45 - 47. What are the prime factors of ((-7)/m)/(3/6)?
7
Let z(x) = 60*x + 52. List the prime factors of z(14).
2, 223
Let s(x) = -x + 6. Let f be s(4). Suppose -f*w - 3 = a, 5*w + 4*a = a - 9. Suppose 3*y = -w*y + 39. List the prime factors of y.
13
Suppose 6*g - g = 0. Let u be (-11)/(-33)*(g + 15). Let p = u + 4. What are the prime factors of p?
3
Suppose 3*d - 649 = d + l, 4*d - 3*l = 1293. List the prime factors of d.
3, 109
Suppose 0 = 38*j + 7*j - 103320. List the prime factors of j.
2, 7, 41
Suppose 3*g - g - 12 = -h, 16 = h + 4*g. Suppose 302 = h*s - 250. What are the prime factors of s?
3, 23
Let s(r) = -r**3 - 15*r**2 + 11*r + 40. Let a be s(-16). List the prime factors of (4/6)/((-16)/a)*-20.
2, 5
Let f(a) = -2*a**3 - a**2 - 4*a + 1. Let m be f(3). What are the prime factors of ((-15)/(-3) - 2) + -2 - m?
3, 5
Suppose 3*m + 996 = f, 19*m - 24*m = -2*f + 1997. What are the prime factors of f?
3, 337
Let f be (23/(-92))/(-1 + (-7)/(-8)). List the prime factors of (-37)/(1*(3/f + -2)).
2, 37
Suppose 0 = 3*q - 4360 - 242. List the prime factors of q.
2, 13, 59
Suppose -2*m = -2*b + 2 + 4, 4*b = -4*m + 12. Suppose 0 = 4*n - z - 171, -6 = -m*z + 2*z. List the prime factors of n.
2, 3, 7
Let g be -3 - (3 - 2)*(-1 - -1). What are the prime factors of ((-2358)/(-36))/(((-3)/2)/g)?
131
Let s = 19 - 8. Let p = -11 + s. Suppose 20 = -5*y, -5*o = -p*y + 3*y - 303. List the prime factors of o.
3, 7
Suppose -k + 16 = 4*z, 0*z + 4 = z - 2*k. Suppose 4*s - 124 = y, z*y - 30 = -5*s + 104. List the prime factors of s.
2, 3, 5
Suppose 5*x = 15, -5*n + 5*x - 6 = 9. Let i(g) = -4*g - 7 + n*g + g**2 - 10 + 14*g. What are the prime factors of i(-14)?
3, 13
Suppose 5*b + 14*k - 9415 = 12*k, -7532 = -4*b + 4*k. What are the prime factors of b?
7, 269
Let w = -112 + 79. Let r be (-11)/w + (-310)/(-6). Suppose r = 5*z - 33. What are the prime factors of z?
17
Suppose -4*h = 4*y - 136, 2 = y - h - 32. What are the prime factors of 3 + -3 + 0 + (y - -4)?
2, 19
Let p(g) = 157*g**2 + 2*g + 3. Let t be p(-1). Suppose -3*i + u + 317 = 0, 3*i - 2*u - 158 - t = 0. List the prime factors of i.
2, 53
Let s(c) = -c + 16. Let q be s(0). Let y(n) = n**2 - 15*n - 8. List the prime factors of y(q).
2
Suppose -12*k = -4*i - 9*k + 745, -3*i + 4*k + 557 = 0. List the prime factors of i.
11, 17
Suppose 4*o + 3*q - 836 = 0, -2*o - q + 6*q + 444 = 0. What are the prime factors of o?
2, 53
Suppose 4*t = 9*t - 10. Let p(m) = -m - 11. Let g be p(-14). Suppose -t*j + 5*r + 61 = g, -5*r = 4*j - 116. List the prime factors of j.
29
Let v = -32 - -44. Suppose 0 = -c - 3*c + v. Suppose 37 = -c*m + 181. What are the prime factors of m?
2, 3
Let s = 747 + -15. List the prime factors of s.
2, 3, 61
Suppose -4*q = -1752 - 1664. What are the prime factors of q?
2, 7, 61
Let w = 1541 - 764. List the prime factors of w.
3, 7, 37
Let w = 20 - -180. Let s = w + -89. What are the prime factors of s?
3, 37
Suppose 17*w = -q + 22*w + 260, 0 = 3*w. List the prime factors of q.
2, 5, 13
Suppose -4*g + 0 = 80. Suppose 4*c + 3*z = 5*z - 142, z - 34 = c. Let y = g - c. List the prime factors of y.
17
Let b = 621 - -544. What are the prime factors of ((-16)/4)/(4 + b/(-290))?
2, 29
Let l = 538 + 724. List the prime factors of l.
2, 631
Suppose 0 = 8*p - 3182 - 474. What are the prime factors of p?
457
Let g(x) = 3*x**2 + 5*x. Let t be (-7)/7 + 18/2. Let j be g(t). Suppose -y + 5*y = j. What are the prime factors of y?
2, 29
Suppose -14 - 6 = -5*t. Suppose 0 = t*g + v - 257, 35 = g - v - 28. What are the prime factors of g?
2
What are the prime factors of 11/(33/13194) + 18/(-3)?
2, 3, 61
Let o(h) = 4*h + 30. Let y = -6 - -3. Let n(m) = -m - 6. Let j(g) = y*o(g) - 14*n(g). List the prime factors of j(10).
2, 7
Suppose 2*g = 5*r - 13, 8 = r + 3*r - g. Let d be r/((-2)/(-1 - -9)). What are the prime factors of d*4/(-16) - -3?
2
Let c be (-24)/((-25)/20 + 2). What are the prime factors of c/((12/(-16))/3)?
2
Let t(a) = a - 1. Let l be t(4). Suppose -2*o = -5*s - 81, -o + l*s = 2*o - 117. Suppose -o = -2*c + 4*m, m + 8 = -m. List the prime factors of c.
11
What are the prime factors of -8 + 12 - -765 - -3?
2, 193
Let z(u) = u**2 - 3*u - 14. Suppose 0 = -x + 4. Suppose 3*s + x*l = 3*l + 24, 0 = -4*s + l + 25. What are the prime factors of z(s)?
2, 7
Let v(a) = 7*a + 2. Let l(f) = -14*f - 4. Let k(p) = 3*l(p) + 5*v(p). List the prime factors of k(-15).
103
Let x be ((-57)/(-2))/((-9)/(-12)). Suppose x = -u + 2*u + 4*a, -4*u - a + 77 = 0. What are the prime factors of u?
2, 3
Suppose -1195 = 4*u + 109. Let s = 501 + u. What are the prime factors of s?
5, 7
Let z = -1077 + 1276. What are the prime factors of z?
199
Suppose -15*x + 5954 = -1906. What are the prime factors of x?
2, 131
Let x be (-16 - -11)*((-4)/(-2) + -3). Suppose p - w = 47, x*w - 31 = -4*p + 112. List the prime factors of p.
2, 3, 7
Let r(f) be the second derivative of -f**3/6 + 3*f**2 + 2*f. Let y(j) = 2*j - 5. Let g(x) = 3*r(x) + 4*y(x). What are the prime factors of g(3)?
13
Let f(o) = o**3 - 20*o**2 + o - 14. Let s be f(20). Let t(l) = l - 1. Let p(g) = g + 2. Let x(v) = -p(v) + 5*t(v). What are the prime factors of x(s)?
17
Let g(m) = m**2 + 57*m + 16. What are the prime factors of g(11)?
2, 191
Suppose -3*h + 598 + 260 = 0. List the prime factors of h.
2, 11, 13
Let j = 1013 + -668. List the prime factors of j.
3, 5, 23
Suppose 5 = 2*r + 1. Let x(y) = 10 - 1 - 1 + 4*y**2 - y - r*y**2. List the prime factors of x(5).
53
Let x(a) = 10*a**3 - 25*a**2 - 62. Let j(m) = 3*m**3 - 8*m**2 - 21. Let y(r) = 7*j(r) - 2*x(r). What are the prime factors of y(7)?
2, 13
Let u(o) = 3*o**2 - 24*o - 32. What are the prime factors of u(18)?
2, 127
Let b(o) = -o**2 + 11*o - 11. Let r be b(10). Let k be -1*(-752)/(r - -5). List the prime factors of (-20)/(-50) + k/5.
2, 19
Let h(n) = 190*n**2 + 8*n - 6. List the prime factors of h(-2).
2, 3, 41
Let i(x) be the third derivative of -x**6/120 + 2*x**5/15 + x**4/4 + 7*x**3/6 + 12*x**2. List the prime factors of i(8).
5, 11
Let h(j) = j**3 + j**2 + j + 12. Suppose 0 = 7*v - 2*v. What are the prime factors of h(v)?
2, 3
Let z(q) = 2 - 2*q - 1 - 8 - 1. What are the prime factors of z(-5)?
2
Suppose 64*t - 24 = 63*t. Let a = 93 + t. List the prime factors of a.
3, 13
Let n = 2631 + -947. List the prime factors of n.
2, 421
Suppose -2*c + 61 = -5*i - 181, -i = 3*c - 363. Suppose 3*h = 2*w + c, -3*h + 0*w + 106 = w. List the prime factors of h.
37
Suppose s - 124 = 3*v - 0*v, -4*v - 164 = -2*s. Let x be 3 - 0 - v/7. Suppose -o + 2 = 0, 3*p = 5*o + 41 - x. List the prime factors of p.
2, 7
Let v be -2*(-29)/8 - 6/(-8). Suppose -v*g + 13*g = 780. What are the prime factors of g?
2, 3, 13
Let j(u) = 7*u**3 - 11*u**2 - 8*u + 5. Let f(k) = -4*k**3 + 6*k**2 + 4*k - 2. Let p(v) = -5*f(v) - 3*j(v). Let d = -26 - -28. List the prime factors of p(d).
7
Suppose 0*p - 2*v = 2*p - 40, -5*v - 20 = -p. Let a be p/(-35) - (-8)/14. Suppose 0*o - o - 2*f + 23 = a, 0 = f. What are the prime factors of o?
23
Let o(f) = 35*f**2 + 1. Let n be o(-1). Let a = n - 12. What are the prime factors of 270/(-4)*(-16)/a?
3, 5
Let z = 1957 + -572. Suppose 0 = 8*x + 329 - z. List the prime factors of x.
2, 3, 11
What are the prime factors of ((-39)/6)/(13/(-1508))?
2, 13, 29
Let j be (-13)/(-65) + (-2)/10. Suppose j = 3*n - 4*n + 2. Suppose 2*w = -3*p + p + 50, 0 = -5*p - n*w + 137. What are the prime factors of p?
29
Let x(o) = -6*o + 21. List the prime factors o